{"id":5,"date":"2017-03-22T23:49:55","date_gmt":"2017-03-22T23:49:55","guid":{"rendered":"http:\/\/moscoso.desarrollamos.co\/?page_id=5"},"modified":"2017-08-29T18:52:21","modified_gmt":"2017-08-29T22:52:21","slug":"compania","status":"publish","type":"page","link":"https:\/\/www.moscoso.cl\/","title":{"rendered":"<b>COMPA\u00d1IA<\/b>"},"content":{"rendered":"<div id=\"pl-5\"  class=\"panel-layout\" >\n<div id=\"pg-5-0\"  class=\"panel-grid panel-no-style\"  data-style=\"{&quot;background_display&quot;:&quot;tile&quot;,&quot;cell_alignment&quot;:&quot;flex-start&quot;}\"  data-color-label=\"1\" >\n<div id=\"pgc-5-0-0\"  class=\"panel-grid-cell\"  data-weight=\"0.5\" >\n<div id=\"panel-5-0-0-0\" class=\"so-panel widget widget_sow-editor panel-first-child panel-last-child\" data-index=\"0\" data-style=\"{&quot;background_display&quot;:&quot;tile&quot;}\" >\n<div class=\"so-widget-sow-editor so-widget-sow-editor-base\">\n<div class=\"siteorigin-widget-tinymce textwidget\">\n<h1 style=\"text-align: center;\"><strong><span style=\"color: #225084;\">Moscoso y C\u00eda.<\/span><\/strong><\/h1>\n<p>Consultores, opera desde el a\u00f1o 1969, inicialmente se trabaj\u00f3 bajo el nombre del socio fundador, a partir de 1987 se modifico la raz\u00f3n social a la que ocupa actualmente.<\/p>\n<p>Durante los cuarenta a\u00f1os de experiencia, se ha logrado un reconocido lugar dentro del medio en que opera, derivado de su desempe\u00f1o profesional.<\/p>\n<p>Desde su inicio, la firma ha ido estructurando su organizaci\u00f3n interna para hacer frente, oportunamente y con efectividad, a las necesidades de sus clientes, implementando los cambios tecnol\u00f3gicos al desarrollo de la profesi\u00f3n.<\/p>\n<p><a href=\"http:\/\/moscoso.desarrollamos.co\/index.php\/120-2\/\"><strong><u>Estructuraci\u00f3n de la Compa\u00f1\u00eda<\/u><\/strong><\/a><\/p>\n<p><u><strong>Nuestras Firmas Asociadas<\/strong><\/u><\/p>\n<\/div>\n<\/div>\n<\/div>\n<\/div>\n<div id=\"pgc-5-0-1\"  class=\"panel-grid-cell\"  data-weight=\"0.5\" >\n<div id=\"panel-5-0-1-0\" class=\"so-panel widget widget_sow-image panel-first-child panel-last-child\" data-index=\"1\" data-style=\"{&quot;background_display&quot;:&quot;tile&quot;}\" >\n<div class=\"so-widget-sow-image so-widget-sow-image-default-eef982a7180b\">\n<div class=\"sow-image-container\">\n\t<img loading=\"lazy\" decoding=\"async\" src=\"https:\/\/www.moscoso.cl\/wp-content\/uploads\/2017\/03\/DSC_0706.jpg\" width=\"4928\" height=\"3264\" srcset=\"https:\/\/www.moscoso.cl\/wp-content\/uploads\/2017\/03\/DSC_0706.jpg 4928w, https:\/\/www.moscoso.cl\/wp-content\/uploads\/2017\/03\/DSC_0706-300x199.jpg 300w, https:\/\/www.moscoso.cl\/wp-content\/uploads\/2017\/03\/DSC_0706-768x509.jpg 768w, https:\/\/www.moscoso.cl\/wp-content\/uploads\/2017\/03\/DSC_0706-1024x678.jpg 1024w\" sizes=\"(max-width: 4928px) 100vw, 4928px\" \t\tclass=\"so-widget-image\"\/>\n<\/div>\n<\/div>\n<\/div>\n<\/div>\n<\/div>\n<div id=\"pg-5-1\"  class=\"panel-grid panel-no-style\"  data-style=\"{&quot;background_display&quot;:&quot;tile&quot;,&quot;cell_alignment&quot;:&quot;flex-start&quot;}\"  data-color-label=\"1\" >\n<div id=\"pgc-5-1-0\"  class=\"panel-grid-cell\"  data-weight=\"1\" >\n<div id=\"panel-5-1-0-0\" class=\"so-panel widget widget_sow-editor panel-first-child panel-last-child\" data-index=\"2\" data-style=\"{&quot;background_display&quot;:&quot;tile&quot;}\" >\n<div class=\"so-widget-sow-editor so-widget-sow-editor-base\">\n<div class=\"siteorigin-widget-tinymce textwidget\">\n<hr \/>\n<h1 style=\"text-align: center;\"><strong><span style=\"color: #225084;\">Nuestro equipo<\/span><\/strong><\/h1>\n<p>\u00a0<\/p>\n<\/div>\n<\/div>\n<\/div>\n<\/div>\n<\/div>\n<div id=\"pg-5-2\"  class=\"panel-grid panel-no-style\"  data-style=\"{&quot;background_display&quot;:&quot;tile&quot;,&quot;cell_alignment&quot;:&quot;flex-start&quot;}\"  data-color-label=\"1\" >\n<div id=\"pgc-5-2-0\"  class=\"panel-grid-cell\"  data-weight=\"0.25\" >\n<div id=\"panel-5-2-0-0\" class=\"so-panel widget widget_accesspress_team panel-first-child panel-last-child\" data-index=\"3\" data-style=\"{&quot;background_display&quot;:&quot;tile&quot;}\" >\n<div class=\"ap-team style2 wow fadeInUp\">\n<div class=\"ap-member-image\">\n                    <img decoding=\"async\" src=\"https:\/\/www.moscoso.cl\/wp-content\/uploads\/2017\/03\/don-moscoso.jpg\"\/>                                    <\/div>\n<h4 class=\"ap-member-name\">\n                Jorge Moscoso                <\/h4>\n<h6 class=\"ap-member-position\">\n                    Socio                <\/h6>\n<div class=\"ap-line\"><\/div>\n<div class=\"member-social-group\">\n<p>                                    <a href=\"https:\/\/www.linkedin.com\/\" class=\"ap-member-linkedin\"><br \/>\n                        <i class=\"fa fa-linkedin\"><\/i><br \/>\n                    <\/a><\/p><\/div>\n<\/p><\/div>\n<\/p><\/div>\n<\/div>\n<div id=\"pgc-5-2-1\"  class=\"panel-grid-cell\"  data-weight=\"0.25\" >\n<div id=\"panel-5-2-1-0\" class=\"so-panel widget widget_accesspress_team panel-first-child panel-last-child\" data-index=\"4\" data-style=\"{&quot;background_display&quot;:&quot;tile&quot;}\" >\n<div class=\"ap-team style2 wow fadeInUp\">\n<div class=\"ap-member-image\">\n                    <img decoding=\"async\" src=\"https:\/\/www.moscoso.cl\/wp-content\/uploads\/2017\/03\/javier.jpg\"\/>                                    <\/div>\n<h4 class=\"ap-member-name\">\n                Javier Moscoso                <\/h4>\n<h6 class=\"ap-member-position\">\n                    Socio                <\/h6>\n<div class=\"ap-line\"><\/div>\n<div class=\"member-social-group\">\n<p>                                    <a href=\"https:\/\/www.linkedin.com\/\" class=\"ap-member-linkedin\"><br \/>\n                        <i class=\"fa fa-linkedin\"><\/i><br \/>\n                    <\/a><\/p><\/div>\n<\/p><\/div>\n<\/p><\/div>\n<\/div>\n<div id=\"pgc-5-2-2\"  class=\"panel-grid-cell\"  data-weight=\"0.25\" >\n<div id=\"panel-5-2-2-0\" class=\"so-panel widget widget_accesspress_team panel-first-child panel-last-child\" data-index=\"5\" data-style=\"{&quot;background_display&quot;:&quot;tile&quot;}\" >\n<div class=\"ap-team style2 wow fadeInUp\">\n<div class=\"ap-member-image\">\n                    <img decoding=\"async\" src=\"https:\/\/www.moscoso.cl\/wp-content\/uploads\/2017\/03\/jorge-moscoso.jpg\"\/>                                    <\/div>\n<h4 class=\"ap-member-name\">\n                Jorge Moscoso                <\/h4>\n<h6 class=\"ap-member-position\">\n                    Socio                <\/h6>\n<div class=\"ap-line\"><\/div>\n<div class=\"member-social-group\">\n<p>                                    <a href=\"https:\/\/www.linkedin.com\/\" class=\"ap-member-linkedin\"><br \/>\n                        <i class=\"fa fa-linkedin\"><\/i><br \/>\n                    <\/a><\/p><\/div>\n<\/p><\/div>\n<\/p><\/div>\n<\/div>\n<div id=\"pgc-5-2-3\"  class=\"panel-grid-cell\"  data-weight=\"0.25\" >\n<div id=\"panel-5-2-3-0\" class=\"so-panel widget widget_accesspress_team panel-first-child panel-last-child\" data-index=\"6\" data-style=\"{&quot;background_image_attachment&quot;:false,&quot;background_display&quot;:&quot;tile&quot;}\" >\n<div class=\"ap-team style2 wow fadeInUp\">\n<div class=\"ap-member-image\">\n                    <img decoding=\"async\" src=\"https:\/\/www.moscoso.cl\/wp-content\/uploads\/2017\/03\/rocio.jpg\"\/>                                    <\/div>\n<h4 class=\"ap-member-name\">\n                Rocio Moscoso                <\/h4>\n<h6 class=\"ap-member-position\">\n                    Arquitecto                <\/h6>\n<div class=\"ap-line\"><\/div>\n<div class=\"member-social-group\">\n<p>                                    <a href=\"https:\/\/www.linkedin.com\/\" class=\"ap-member-linkedin\"><br \/>\n                        <i class=\"fa fa-linkedin\"><\/i><br \/>\n                    <\/a><\/p><\/div>\n<\/p><\/div>\n<\/p><\/div>\n<\/div>\n<\/div>\n<\/div>\n","protected":false},"excerpt":{"rendered":"<p>Moscoso y C\u00eda. Consultores, opera desde el a\u00f1o 1969, inicialmente se trabaj\u00f3 bajo el nombre del socio fundador, a partir de 1987 se modifico la raz\u00f3n social a la que ocupa actualmente. Durante los cuarenta a\u00f1os de experiencia, se ha logrado un reconocido lugar dentro del medio en que opera, derivado de su desempe\u00f1o profesional&#8230;.<\/p>\n","protected":false},"author":1997,"featured_media":0,"parent":0,"menu_order":0,"comment_status":"closed","ping_status":"closed","template":"","meta":{"footnotes":""},"_links":{"self":[{"href":"https:\/\/www.moscoso.cl\/index.php\/wp-json\/wp\/v2\/pages\/5"}],"collection":[{"href":"https:\/\/www.moscoso.cl\/index.php\/wp-json\/wp\/v2\/pages"}],"about":[{"href":"https:\/\/www.moscoso.cl\/index.php\/wp-json\/wp\/v2\/types\/page"}],"author":[{"embeddable":true,"href":"https:\/\/www.moscoso.cl\/index.php\/wp-json\/wp\/v2\/users\/1997"}],"replies":[{"embeddable":true,"href":"https:\/\/www.moscoso.cl\/index.php\/wp-json\/wp\/v2\/comments?post=5"}],"version-history":[{"count":43,"href":"https:\/\/www.moscoso.cl\/index.php\/wp-json\/wp\/v2\/pages\/5\/revisions"}],"predecessor-version":[{"id":410,"href":"https:\/\/www.moscoso.cl\/index.php\/wp-json\/wp\/v2\/pages\/5\/revisions\/410"}],"wp:attachment":[{"href":"https:\/\/www.moscoso.cl\/index.php\/wp-json\/wp\/v2\/media?parent=5"}],"curies":[{"name":"wp","href":"https:\/\/api.w.org\/{rel}","templated":true}]}}