{"id":87,"date":"2017-03-23T03:56:41","date_gmt":"2017-03-23T03:56:41","guid":{"rendered":"http:\/\/moscoso.desarrollamos.co\/?page_id=87"},"modified":"2017-04-27T16:39:04","modified_gmt":"2017-04-27T16:39:04","slug":"contabilidad","status":"publish","type":"page","link":"https:\/\/www.moscoso.cl\/index.php\/contabilidad\/","title":{"rendered":"<b>CONTABILIDAD<\/b>"},"content":{"rendered":"<div id=\"pl-87\"  class=\"panel-layout\" >\n<div id=\"pg-87-0\"  class=\"panel-grid panel-no-style\"  data-style=\"{&quot;background_display&quot;:&quot;tile&quot;,&quot;cell_alignment&quot;:&quot;flex-start&quot;}\" >\n<div id=\"pgc-87-0-0\"  class=\"panel-grid-cell\"  data-weight=\"0.5\" >\n<div id=\"panel-87-0-0-0\" class=\"so-panel widget widget_sow-editor panel-first-child panel-last-child\" data-index=\"0\" data-style=\"{&quot;background_image_attachment&quot;:false,&quot;background_display&quot;:&quot;tile&quot;}\" >\n<div class=\"so-widget-sow-editor so-widget-sow-editor-base\">\n<div class=\"siteorigin-widget-tinymce textwidget\">\n<h1 style=\"text-align: center;\"><span style=\"font-size: 24px; color: #225084;\"><strong>Mediana y peque\u00f1a empresa<\/strong><\/span><\/h1>\n<p style=\"text-align: justify;\">En un mundo global y competitivo como en el que est\u00e1 inserta nuestra econom\u00eda, el rol de la peque\u00f1a y mediana empresa es fundamental para el desarrollo de un pa\u00eds. \u00c9stas, est\u00e1n orientadas a satisfacer las necesidades de la poblaci\u00f3n y de las grandes compa\u00f1\u00edas principalmente exportadoras, de comercio y servicios. Es por ello que nuestra organizaci\u00f3n est\u00e1 capacitada para satisfacer todos los requerimientos de orden administrativo, legal y comercial que el desarrollo de las peque\u00f1as y medianas empresas necesita.<\/p>\n<p style=\"text-align: justify;\"><span style=\"color: #225084;\"><strong><span style=\"font-size: 18px;\">Nuestros servicios consisten en:<\/span><\/strong><\/span><\/p>\n<ul>\n<li style=\"text-align: justify;\">Servicio de contabilidad integral<\/li>\n<li style=\"text-align: justify;\">Organizaci\u00f3n contable<\/li>\n<li style=\"text-align: justify;\">Iniciaci\u00f3n de actividades y puesta en marcha<\/li>\n<li style=\"text-align: justify;\">Planes y manuales de cuentas<\/li>\n<li style=\"text-align: justify;\">Actualizaci\u00f3n y normalizaci\u00f3n contable<\/li>\n<li style=\"text-align: justify;\">Planificaci\u00f3n y control de inventarios<\/li>\n<li style=\"text-align: justify;\">Roles privados<\/li>\n<\/ul>\n<\/div>\n<\/div>\n<\/div>\n<\/div>\n<div id=\"pgc-87-0-1\"  class=\"panel-grid-cell\"  data-weight=\"0.5\" >\n<div id=\"panel-87-0-1-0\" class=\"so-panel widget widget_sow-slider panel-first-child panel-last-child\" data-index=\"1\" data-style=\"{&quot;background_display&quot;:&quot;tile&quot;}\" ><div\n\t\t\t\n\t\t\tclass=\"so-widget-sow-slider so-widget-sow-slider-default-71d5c9d9c341\"\n\t\t\t\n\t\t>\t\t\t\t<div class=\"sow-slider-base\" style=\"display: none\" tabindex=\"0\">\n\t\t\t\t\t<ul\n\t\t\t\t\tclass=\"sow-slider-images\"\n\t\t\t\t\tdata-settings=\"{&quot;pagination&quot;:true,&quot;speed&quot;:&quot;800&quot;,&quot;timeout&quot;:&quot;8000&quot;,&quot;paused&quot;:false,&quot;pause_on_hover&quot;:false,&quot;swipe&quot;:&quot;1&quot;,&quot;nav_always_show_desktop&quot;:&quot;&quot;,&quot;nav_always_show_mobile&quot;:&quot;&quot;,&quot;breakpoint&quot;:&quot;780px&quot;,&quot;unmute&quot;:false,&quot;anchor&quot;:null}\"\n\t\t\t\t\t\t\t\t\t\tdata-anchor-id=\"\"\n\t\t\t\t>\t\t<li class=\"sow-slider-image\" style=\"visibility: visible;\" >\n\t\t\t\t\t\t<img loading=\"lazy\" decoding=\"async\" width=\"4928\" height=\"3264\" src=\"https:\/\/www.moscoso.cl\/wp-content\/uploads\/2017\/03\/DSC_0681.jpg\" class=\"sow-slider-background-image\" alt=\"\" style=\"\" srcset=\"https:\/\/www.moscoso.cl\/wp-content\/uploads\/2017\/03\/DSC_0681.jpg 4928w, https:\/\/www.moscoso.cl\/wp-content\/uploads\/2017\/03\/DSC_0681-300x199.jpg 300w, https:\/\/www.moscoso.cl\/wp-content\/uploads\/2017\/03\/DSC_0681-768x509.jpg 768w, https:\/\/www.moscoso.cl\/wp-content\/uploads\/2017\/03\/DSC_0681-1024x678.jpg 1024w\" sizes=\"(max-width: 4928px) 100vw, 4928px\" \/>\t\t<\/li>\n\t\t\t\t<li class=\"sow-slider-image\" style=\"visibility: hidden;\" >\n\t\t\t\t\t\t<img loading=\"lazy\" decoding=\"async\" width=\"3000\" height=\"2000\" src=\"https:\/\/www.moscoso.cl\/wp-content\/uploads\/2017\/03\/impuestum.jpg\" class=\"sow-slider-background-image\" alt=\"\" style=\"\" srcset=\"https:\/\/www.moscoso.cl\/wp-content\/uploads\/2017\/03\/impuestum.jpg 3000w, https:\/\/www.moscoso.cl\/wp-content\/uploads\/2017\/03\/impuestum-300x200.jpg 300w, https:\/\/www.moscoso.cl\/wp-content\/uploads\/2017\/03\/impuestum-768x512.jpg 768w, https:\/\/www.moscoso.cl\/wp-content\/uploads\/2017\/03\/impuestum-1024x683.jpg 1024w, https:\/\/www.moscoso.cl\/wp-content\/uploads\/2017\/03\/impuestum-272x182.jpg 272w\" sizes=\"(max-width: 3000px) 100vw, 3000px\" \/>\t\t<\/li>\n\t\t\t\t<li class=\"sow-slider-image\" style=\"visibility: hidden;\" >\n\t\t\t\t\t\t<img loading=\"lazy\" decoding=\"async\" width=\"1920\" height=\"900\" src=\"https:\/\/www.moscoso.cl\/wp-content\/uploads\/2017\/03\/asesoriacontable_3504.jpg\" class=\"sow-slider-background-image\" alt=\"\" style=\"\" srcset=\"https:\/\/www.moscoso.cl\/wp-content\/uploads\/2017\/03\/asesoriacontable_3504.jpg 1920w, https:\/\/www.moscoso.cl\/wp-content\/uploads\/2017\/03\/asesoriacontable_3504-300x141.jpg 300w, https:\/\/www.moscoso.cl\/wp-content\/uploads\/2017\/03\/asesoriacontable_3504-768x360.jpg 768w, https:\/\/www.moscoso.cl\/wp-content\/uploads\/2017\/03\/asesoriacontable_3504-1024x480.jpg 1024w\" sizes=\"(max-width: 1920px) 100vw, 1920px\" \/>\t\t<\/li>\n\t\t<\/ul>\t\t\t\t<ol class=\"sow-slider-pagination\">\n\t\t\t\t\t\t\t\t\t\t\t<li><a href=\"#\" data-goto=\"0\" aria-label=\"mostrar diapositiva 1\"><\/a><\/li>\n\t\t\t\t\t\t\t\t\t\t\t<li><a href=\"#\" data-goto=\"1\" aria-label=\"mostrar diapositiva 2\"><\/a><\/li>\n\t\t\t\t\t\t\t\t\t\t\t<li><a href=\"#\" data-goto=\"2\" aria-label=\"mostrar diapositiva 3\"><\/a><\/li>\n\t\t\t\t\t\t\t\t\t<\/ol>\n\n\t\t\t\t<div class=\"sow-slide-nav sow-slide-nav-next\">\n\t\t\t\t\t<a href=\"#\" data-goto=\"next\" aria-label=\"diapositiva siguiente\" data-action=\"next\">\n\t\t\t\t\t\t<em class=\"sow-sld-icon-thin-right\"><\/em>\n\t\t\t\t\t<\/a>\n\t\t\t\t<\/div>\n\n\t\t\t\t<div class=\"sow-slide-nav sow-slide-nav-prev\">\n\t\t\t\t\t<a href=\"#\" data-goto=\"previous\" aria-label=\"diapositiva anterior\" data-action=\"prev\">\n\t\t\t\t\t\t<em class=\"sow-sld-icon-thin-left\"><\/em>\n\t\t\t\t\t<\/a>\n\t\t\t\t<\/div>\n\t\t\t\t<\/div><\/div><\/div>\n<\/div>\n<\/div>\n<\/div>\n","protected":false},"excerpt":{"rendered":"<p>Mediana y peque\u00f1a empresa En un mundo global y competitivo como en el que est\u00e1 inserta nuestra econom\u00eda, el rol de la peque\u00f1a y mediana empresa es fundamental para el desarrollo de un pa\u00eds. \u00c9stas, est\u00e1n orientadas a satisfacer las necesidades de la poblaci\u00f3n y de las grandes compa\u00f1\u00edas principalmente exportadoras, de comercio y servicios&#8230;.<\/p>\n","protected":false},"author":1997,"featured_media":0,"parent":0,"menu_order":0,"comment_status":"closed","ping_status":"closed","template":"","meta":{"footnotes":""},"_links":{"self":[{"href":"https:\/\/www.moscoso.cl\/index.php\/wp-json\/wp\/v2\/pages\/87"}],"collection":[{"href":"https:\/\/www.moscoso.cl\/index.php\/wp-json\/wp\/v2\/pages"}],"about":[{"href":"https:\/\/www.moscoso.cl\/index.php\/wp-json\/wp\/v2\/types\/page"}],"author":[{"embeddable":true,"href":"https:\/\/www.moscoso.cl\/index.php\/wp-json\/wp\/v2\/users\/1997"}],"replies":[{"embeddable":true,"href":"https:\/\/www.moscoso.cl\/index.php\/wp-json\/wp\/v2\/comments?post=87"}],"version-history":[{"count":7,"href":"https:\/\/www.moscoso.cl\/index.php\/wp-json\/wp\/v2\/pages\/87\/revisions"}],"predecessor-version":[{"id":278,"href":"https:\/\/www.moscoso.cl\/index.php\/wp-json\/wp\/v2\/pages\/87\/revisions\/278"}],"wp:attachment":[{"href":"https:\/\/www.moscoso.cl\/index.php\/wp-json\/wp\/v2\/media?parent=87"}],"curies":[{"name":"wp","href":"https:\/\/api.w.org\/{rel}","templated":true}]}}