{"id":91,"date":"2017-03-23T03:57:54","date_gmt":"2017-03-23T03:57:54","guid":{"rendered":"http:\/\/moscoso.desarrollamos.co\/?page_id=91"},"modified":"2017-04-27T16:48:55","modified_gmt":"2017-04-27T16:48:55","slug":"legal","status":"publish","type":"page","link":"https:\/\/www.moscoso.cl\/index.php\/legal\/","title":{"rendered":"<b>ASESOR\u00cdA LEGAL<\/b>"},"content":{"rendered":"<div id=\"pl-91\"  class=\"panel-layout\" >\n<div id=\"pg-91-0\"  class=\"panel-grid panel-no-style\"  data-style=\"{&quot;background_display&quot;:&quot;tile&quot;,&quot;cell_alignment&quot;:&quot;flex-start&quot;}\" >\n<div id=\"pgc-91-0-0\"  class=\"panel-grid-cell\"  data-weight=\"0.5\" >\n<div id=\"panel-91-0-0-0\" class=\"so-panel widget widget_sow-editor panel-first-child panel-last-child\" data-index=\"0\" data-style=\"{&quot;background_image_attachment&quot;:false,&quot;background_display&quot;:&quot;tile&quot;}\" >\n<div class=\"so-widget-sow-editor so-widget-sow-editor-base\">\n<div class=\"siteorigin-widget-tinymce textwidget\">\n<p style=\"text-align: justify;\">Contamos con abogados asociados a nuestras especialidades, con quienes enfrentamos aspectos laborales, tributarios, societarios que incluye entre otros, servicios de: elaboraci\u00f3n de contratos, como constituci\u00f3n, modificaciones de sociedades, mandatos especiales y otros.<\/p>\n<p style=\"text-align: justify;\">Con el objeto de proporcionar mayores antecedentes que permitan una apropiada evaluaci\u00f3n de nuestra experiencia profesional en las \u00e1reas de asesor\u00eda tributaria, auditor\u00eda y consultor\u00eda, presentamos a continuaci\u00f3n algunos de los clientes<\/p>\n<\/div>\n<\/div>\n<\/div>\n<\/div>\n<div id=\"pgc-91-0-1\"  class=\"panel-grid-cell\"  data-weight=\"0.5\" >\n<div id=\"panel-91-0-1-0\" class=\"so-panel widget widget_sow-image panel-first-child panel-last-child\" data-index=\"1\" data-style=\"{&quot;background_display&quot;:&quot;tile&quot;}\" ><div\n\t\t\t\n\t\t\tclass=\"so-widget-sow-image so-widget-sow-image-default-8b5b6f678277\"\n\t\t\t\n\t\t>\n<div class=\"sow-image-container\">\n\t\t<img loading=\"lazy\" decoding=\"async\" src=\"https:\/\/www.moscoso.cl\/wp-content\/uploads\/2017\/03\/DSC_0718-1.jpg\" width=\"4928\" height=\"3264\" srcset=\"https:\/\/www.moscoso.cl\/wp-content\/uploads\/2017\/03\/DSC_0718-1.jpg 4928w, https:\/\/www.moscoso.cl\/wp-content\/uploads\/2017\/03\/DSC_0718-1-300x199.jpg 300w, https:\/\/www.moscoso.cl\/wp-content\/uploads\/2017\/03\/DSC_0718-1-768x509.jpg 768w, https:\/\/www.moscoso.cl\/wp-content\/uploads\/2017\/03\/DSC_0718-1-1024x678.jpg 1024w\" sizes=\"(max-width: 4928px) 100vw, 4928px\" title=\"DSC_0718\" alt=\"\" \t\tclass=\"so-widget-image\"\/>\n\t<\/div>\n\n<\/div><\/div>\n<\/div>\n<\/div>\n<\/div>\n","protected":false},"excerpt":{"rendered":"<p>Contamos con abogados asociados a nuestras especialidades, con quienes enfrentamos aspectos laborales, tributarios, societarios que incluye entre otros, servicios de: elaboraci\u00f3n de contratos, como constituci\u00f3n, modificaciones de sociedades, mandatos especiales y otros. Con el objeto de proporcionar mayores antecedentes que permitan una apropiada evaluaci\u00f3n de nuestra experiencia profesional en las \u00e1reas de asesor\u00eda tributaria, auditor\u00eda&#8230;<\/p>\n","protected":false},"author":1997,"featured_media":0,"parent":0,"menu_order":0,"comment_status":"closed","ping_status":"closed","template":"","meta":{"footnotes":""},"_links":{"self":[{"href":"https:\/\/www.moscoso.cl\/index.php\/wp-json\/wp\/v2\/pages\/91"}],"collection":[{"href":"https:\/\/www.moscoso.cl\/index.php\/wp-json\/wp\/v2\/pages"}],"about":[{"href":"https:\/\/www.moscoso.cl\/index.php\/wp-json\/wp\/v2\/types\/page"}],"author":[{"embeddable":true,"href":"https:\/\/www.moscoso.cl\/index.php\/wp-json\/wp\/v2\/users\/1997"}],"replies":[{"embeddable":true,"href":"https:\/\/www.moscoso.cl\/index.php\/wp-json\/wp\/v2\/comments?post=91"}],"version-history":[{"count":8,"href":"https:\/\/www.moscoso.cl\/index.php\/wp-json\/wp\/v2\/pages\/91\/revisions"}],"predecessor-version":[{"id":295,"href":"https:\/\/www.moscoso.cl\/index.php\/wp-json\/wp\/v2\/pages\/91\/revisions\/295"}],"wp:attachment":[{"href":"https:\/\/www.moscoso.cl\/index.php\/wp-json\/wp\/v2\/media?parent=91"}],"curies":[{"name":"wp","href":"https:\/\/api.w.org\/{rel}","templated":true}]}}